{"id":624,"date":"2021-12-01T14:55:13","date_gmt":"2021-12-01T17:55:13","guid":{"rendered":"https:\/\/servicos.hablagalera.com\/index.php\/products\/"},"modified":"2021-12-01T14:55:13","modified_gmt":"2021-12-01T17:55:13","slug":"products","status":"publish","type":"page","link":"https:\/\/servicos.hablagalera.com\/index.php\/products\/","title":{"rendered":"Products"},"content":{"rendered":"<div class=\"wp-asp-post-grid wp-asp-grid\">\n\t<form id=\"wp-asp-search-form\" method=\"GET\">\n\t<div class=\"wp-asp-listing-search-field\">\n\t\t<input type=\"text\" class=\"wp-asp-search-input\" name=\"asp_search\" value=\"\" placeholder=\"Search ...\">\n\t<button type=\"submit\" class=\"wp-asp-search-button\" value=\"Search\" title=\"Search\"><span class=\"dashicons dashicons-search\"><\/button>\n\t<\/div>\n<\/form>\n<div class=\"wp-asp-search-res-text\">\n\t\n<\/div>\n\n\t<div id=\"wp-asp-members-list\">\n\t\t<div class=\"wp-asp-grid-row\"><div class=\"wp-asp-grid-item wp-asp-product-id-625\">\n\t<div class=\"wp-asp-product-thumb\"><img src=\"https:\/\/servicos.hablagalera.com\/wp-content\/plugins\/stripe-payments\/assets\/product-thumb-placeholder.png\"><\/div>\n\t<div class=\"wp-asp-product-price\">\u20ac30.00<\/div>\n\t<div class=\"wp-asp-product-name\">Consultoria On Line<\/div>\n\t<div class=\"wp-asp-view-product-btn\"><a href=\"https:\/\/servicos.hablagalera.com\/index.php\/asp-products\/consultoria-on-line\/\" class=\"wp-asp-view-product-lnk\"><button>View Item<\/button><\/a><\/div>\n<\/div>\n<\/div>\n\t<\/div>\n\t\n<\/div>\n\n","protected":false},"excerpt":{"rendered":"<p>Consultoria On Line Consultoria On-line realizada por v\u00eddeo chamada com dura\u00e7\u00e3o de uma hora \u20ac30.00<\/p>\n","protected":false},"author":1,"featured_media":0,"parent":0,"menu_order":0,"comment_status":"closed","ping_status":"closed","template":"","meta":{"om_disable_all_campaigns":false,"_monsterinsights_skip_tracking":false,"_monsterinsights_sitenote_active":false,"_monsterinsights_sitenote_note":"","_monsterinsights_sitenote_category":0},"_links":{"self":[{"href":"https:\/\/servicos.hablagalera.com\/index.php\/wp-json\/wp\/v2\/pages\/624"}],"collection":[{"href":"https:\/\/servicos.hablagalera.com\/index.php\/wp-json\/wp\/v2\/pages"}],"about":[{"href":"https:\/\/servicos.hablagalera.com\/index.php\/wp-json\/wp\/v2\/types\/page"}],"author":[{"embeddable":true,"href":"https:\/\/servicos.hablagalera.com\/index.php\/wp-json\/wp\/v2\/users\/1"}],"replies":[{"embeddable":true,"href":"https:\/\/servicos.hablagalera.com\/index.php\/wp-json\/wp\/v2\/comments?post=624"}],"version-history":[{"count":0,"href":"https:\/\/servicos.hablagalera.com\/index.php\/wp-json\/wp\/v2\/pages\/624\/revisions"}],"wp:attachment":[{"href":"https:\/\/servicos.hablagalera.com\/index.php\/wp-json\/wp\/v2\/media?parent=624"}],"curies":[{"name":"wp","href":"https:\/\/api.w.org\/{rel}","templated":true}]}}